-42)/(-12) - 3 - (-129)/(-2). Let l = b + x. Calculate the highest common divisor of l and 6.
6
Suppose 7*k - 357 = 4123. Suppose -k = -22*o + 636. What is the greatest common divisor of 145 and o?
29
Let a be (-61 - -83)/(3/156). What is the highest common divisor of 264 and a?
88
Let s(z) = -11 - 10 - 420*z + 2 - 10 + 12. Let w be s(-1). What is the highest common factor of 31 and w?
31
Let s(h) = -11*h**2 + 14*h + 23*h**2 - 10*h**2 - 17. Let v be s(2). What is the greatest common factor of 2 and v?
1
Suppose -2*i - 8 = 10. Let b(t) = -8*t - 30. Let h be b(i). Suppose 3*o = 5*o - 42. Calculate the highest common factor of h and o.
21
Let i = 1880 - 1864. Let w = 262 + 106. Calculate the highest common factor of i and w.
16
Let u(a) = -3*a**3 - 11*a**2 - 10*a + 6. Let t be u(-3). Suppose 54*m - t = 48*m. What is the highest common divisor of m and 96?
3
Let o = 76 - 24. Let h be 6/24 + 119/4. Let z = o - h. Calculate the highest common divisor of z and 11.
11
Let m(l) = -1126*l - 21298. Let i be m(-19). Suppose -5*z + 357 = -3*o, -3*o + 361 = 5*z - 2*o. What is the highest common divisor of z and i?
24
Suppose 2*y - 36 = -5*s, 3*s + 3*y - 34 = -2*s. Let d(x) = x**2 - 17*x - 14. Let n be d(15). Let r = -42 - n. What is the greatest common factor of r and s?
2
Suppose -8*u - 9681 = -29*u. Let j = u + -443. What is the highest common divisor of 81 and j?
9
Let w be 758 - (10 + -19 + 24 + -13). Calculate the greatest common factor of 812 and w.
28
Let z(u) = -166*u + 1760. Let v be z(10). Calculate the highest common factor of v and 320.
20
Let o(f) be the second derivative of -f**3/6 + 33*f**2/2 - 33*f. Let t be o(12). What is the greatest common factor of 21 and t?
21
Let x be 30 + 0/(-2)*(-7 + 8). Suppose 86*z = 88*z - x. Calculate the greatest common divisor of 165 and z.
15
Let r be 5/(8/(-448)*-8). Calculate the highest common divisor of r and 616.
7
Suppose 5005 = 1252*l - 1241*l. What is the highest common divisor of 546 and l?
91
Let c(b) = 2*b**2 + 50*b + 1642. Let r be c(-23). What is the highest common factor of 100 and r?
50
Let c(m) = 4*m + 25. Let h be c(-3). Suppose 0 = -5*q + 4*n + h + 20, n = -q + 12. Calculate the highest common factor of q and 81.
9
Let m = -9581 - -9700. What is the highest common divisor of m and 49?
7
Let c(z) = 23*z + 155. Let j be c(-7). Let l(d) = d**2 + 6*d + 8. Let y be l(j). What is the highest common factor of 3 and y?
1
Suppose 23*f = -36 + 289. Suppose 19*o = -f + 619. What is the greatest common factor of 1184 and o?
32
Let w be 1*21*5863/1353. What is the greatest common divisor of 819 and w?
91
Let v = -24389 - -24821. Let x = 28 - 1. What is the highest common factor of v and x?
27
Suppose 0 = -2*n + 3*k + 29493, 0*n - 5*k + 29469 = 2*n. Suppose -26*j = -0*j - n. Calculate the highest common factor of j and 21.
21
Suppose -7*g + 417 = 32. Calculate the greatest common factor of 121 and g.
11
Suppose -18*y + 1365 + 849 = 0. Suppose -2*q + 25 = -y. Calculate the greatest common divisor of 259 and q.
37
Let r(p) = 31*p + 936. Let y be r(-21). What is the greatest common factor of y and 760?
95
Let v = -112 - -166. Let p be v/((5 + 1)/3). Let c = -56 + 110. What is the highest common divisor of p and c?
27
Let i = 378 + -840. Let a be (-14)/70 + i/(-10). What is the greatest common factor of 115 and a?
23
Suppose 0 = 41*h + 59*h - 128*h + 638092. What is the highest common divisor of 13 and h?
13
Let d(h) = -h**3 - 14*h**2 - 8*h - 331. Let l be d(-15). Calculate the greatest common divisor of 298 and l.
2
Let b = 4082 - 1922. Suppose -11*j - b = -17*j. What is the highest common divisor of j and 45?
45
Let b(j) = 12 + 17*j + 27*j - 48*j. Let r be b(5). Let n be r/(-1) + -1 + -2. Calculate the greatest common factor of 40 and n.
5
Let q(n) = 544*n - 462. Let r be q(1). Suppose 4*l - 3*h - 176 = 0, 3*l + h = l + 78. What is the greatest common factor of r and l?
41
Suppose -17035*x + 360 = -17026*x. Let r(n) = n**2 - 12*n - 8. Let d be r(13). Calculate the highest common factor of d and x.
5
Suppose m = -662 + 671. Suppose 0 = 12*q - 92 - 448. What is the highest common divisor of m and q?
9
Let b = 44 - 4. Suppose -5*l + 4*n = -12 - 92, 4*n = -l + b. Calculate the highest common divisor of l and 15.
3
Let k(o) = o**2 - 16*o + 99. Let f be k(7). Calculate the greatest common factor of f and 4518.
18
Let t(c) = 25*c**2 - 1. Let u be t(-1). Let n be (-6)/(232/(-720) - (-4)/18). What is the greatest common divisor of u and n?
12
Let d be (-3 - 63/(-18))/(1/218). Let n be d - (0 - (-3 - -11)). Calculate the greatest common factor of n and 273.
39
Let m be 2/4*-7 - (-23 + (-19886)/4). Calculate the greatest common divisor of 483 and m.
161
Let l be -6*((-10)/(-35) + (-5)/((-945)/(-3708))). Calculate the highest common factor of 6 and l.
2
Suppose 5*c - 4*w - 4108 = 2*c, -5*w = -7*c + 9607. What is the greatest common divisor of 288 and c?
32
Suppose 991 = 4*a - 1077. Let g = 697 - a. Calculate the highest common factor of g and 120.
60
Suppose 0 = -6*y + 15 + 3. Let a be y*36/(-30)*(-20)/(-18). Let d = 17 + a. Calculate the highest common factor of 143 and d.
13
Let w = 168 - 126. Calculate the highest common factor of w and 372.
6
Let z = -1657 + 1777. What is the greatest common divisor of z and 696?
24
Suppose 54*q - 9000 = 18*q. Suppose q = 10*v - 120. Suppose -x + 299 = -3*k, 0*x - 5*x = -4*k - 1484. What is the highest common factor of v and x?
37
Suppose 31*f - 3300 = -2*f + 1485. Calculate the highest common factor of f and 1856.
29
Let s be 1/1 + 0 + 51. Let v(d) = -3*d**2 - 140*d - 90. Let g be v(-46). Suppose s = 5*q + g. Calculate the highest common divisor of 50 and q.
10
Let n be 699/18 + (-2)/(-12). Let s(w) = -2*w**2 - 11*w - 4. Let i be s(-6). Let o be (2 + -4)*(1775/i - -2). What is the highest common divisor of o and n?
39
Let p(d) = -47 + 5*d + 29 + 31. Let c be p(10). Let v be -57*(-7)/c + 2/3. Calculate the greatest common divisor of v and 2.
1
Suppose 2*a - 16*a = -2*w + 54, 61 = 5*w + 2*a. Suppose 5*g - 12 = 4*x - 0*x, -10 = x - 3*g. Calculate the highest common factor of x and w.
1
Let w(m) = 3*m**2 + 2*m + 102. Let n be w(-23). Let y = n + -954. Calculate the greatest common divisor of y and 13.
13
Let d = 7613 - 7261. Calculate the greatest common factor of 968 and d.
88
Suppose -135 = 3*j - 5535. Suppose 0*r = 15*r - j. What is the highest common factor of 96 and r?
24
Suppose 57 + 4 = -2*k + d, d - 93 = 3*k. Let a be (-2)/(-3) + (89/(-3) - -5). Let n = a - k. What is the greatest common divisor of n and 16?
8
Let u = 6326 + -6303. What is the greatest common divisor of 3611 and u?
23
Let q(x) = x**3 + 8*x**2 + 8*x - 2. Suppose -g = -2*n + 6, 2*g - n + 0*n = -12. Let c be q(g). Let l = 32 - c. Calculate the highest common divisor of l and 2.
2
Let q(h) = 13*h**2 - 58*h + 153. Let a be q(3). What is the highest common divisor of 18816 and a?
96
Let t be (19 - 1)*(-12)/(-9). Let f be (1948/120 - (-4)/t)*10. What is the highest common factor of 4 and f?
4
Let q(v) = -5*v**2 - 17*v + 332. Let j be q(-10). Calculate the highest common factor of 211 and j.
1
Suppose -4*w = -4, 3*w = -2*k + 88 + 3. Let s be 5/(-1 + 0) - (431 + 10). Let p = s - -556. What is the greatest common divisor of p and k?
22
Suppose 3*z = -4*m + 2421, 15*z - 20*z + 2*m + 4061 = 0. Calculate the highest common divisor of z and 1.
1
Suppose 4*r - t - 115 = 0, -5*r + 4*t + 153 = 23. Calculate the greatest common factor of 445 and r.
5
Let i be ((-3)/(-24))/((-8)/32) + (-29)/(-2). Calculate the greatest common divisor of i and 1134.
14
Let h(l) = 6*l + 22. Let i be (1 - 1/3)/((-20)/(-30)). Let j be h(i). Calculate the greatest common factor of 42 and j.
14
Let r(n) = 37*n**3 - n**2 - 57*n + 274. Let p be r(5). What is the highest common divisor of 78 and p?
13
Suppose 3*d - 2*l = -5*l + 174, 5*d - 346 = 2*l. What is the highest common factor of 4994 and d?
22
Let f be (10/(-4))/(1/(-18)). Let z(y) = -y**3 + 13*y**2 + 6*y + 45. Let o be z(10). Calculate the greatest common factor of f and o.
45
Let c = 19 - 14. Suppose 28 = -u + c*u. Suppose 0*a - a = -u. Calculate the greatest common divisor of 28 and a.
7
Let s be (-23)/(230/(-935)) - 1/(-2). What is the greatest common divisor of 94 and s?
94
Suppose h + 23